76?
-121607
In base 4, what is -10 - -13111020331?
13111020321
In base 15, what is 1cce982 - 4?
1cce97d
In base 5, what is 2002 - -200323433?
200330440
In base 5, what is -20213132410 - -2?
-20213132403
In base 15, what is 15128 - -b8?
151e1
In base 9, what is 4850174 - -17?
4850202
In base 3, what is 1 - 100200120220211?
-100200120220210
In base 5, what is -2103014344 - 0?
-2103014344
In base 7, what is 1225614 + -515?
1225066
In base 8, what is 13 - 4024152?
-4024137
In base 5, what is -4140 + -24433?
-34123
In base 16, what is b6f2 - -2d?
b71f
In base 8, what is -24 - -73602740?
73602714
In base 11, what is 0 - -42729318?
42729318
In base 9, what is -133 + 1317711?
1317567
In base 10, what is -2204 - -1232?
-972
In base 14, what is -2a35772 + 3?
-2a3576d
In base 4, what is -3313032121113 + -1?
-3313032121120
In base 12, what is -179bb14 - -a?
-179bb06
In base 11, what is -5651a + -373?
-56892
In base 13, what is 6c60489 + 2?
6c6048b
In base 6, what is -10541340 - 34?
-10541414
In base 15, what is e982 + 2a5?
ec37
In base 10, what is 48 + -553045?
-552997
In base 9, what is 33127 + -304?
32723
In base 4, what is -1122302232210 + 11?
-1122302232133
In base 16, what is -17dd - 553?
-1d30
In base 13, what is -27167 + 1497?
-259a0
In base 5, what is 130220031 + -2?
130220024
In base 10, what is 3977972 - -19?
3977991
In base 12, what is 295919a + 3?
29591a1
In base 3, what is -1220011222202 - 20121?
-1220012020100
In base 11, what is -1a036a85 + 3?
-1a036a82
In base 10, what is 4 - -19766555?
19766559
In base 15, what is -55 + 6011d4?
60117e
In base 5, what is 1024 - 214204000?
-214202421
In base 12, what is 926b006 - -19?
926b023
In base 3, what is 1100 - -110201021122222?
110201021201022
In base 7, what is 100256636 - -405?
100260344
In base 7, what is -325 - -1111325?
1111000
In base 9, what is 2 + -203627426?
-203627424
In base 9, what is -4 + 416757?
416753
In base 7, what is -42464344 + 20?
-42464324
In base 6, what is -44431513 - 2?
-44431515
In base 15, what is -b7469 - 3ca?
-b7844
In base 2, what is 1111011010011101 + -10100100?
1111010111111001
In base 4, what is 112301013 + 223?
112301302
In base 4, what is -30 - -3311103022?
3311102332
In base 5, what is 30 - -30041101103?
30041101133
In base 8, what is 2 - 704752216?
-704752214
In base 3, what is 12121001 + -1222011?
10121220
In base 14, what is 769c + -5a50?
1a4c
In base 3, what is 12100220120211 + -122?
12100220120012
In base 7, what is 342 + -2016640?
-2016265
In base 9, what is -7 - -182756?
182748
In base 4, what is -1121210222 - 2?
-1121210230
In base 14, what is -10b - -5b8b?
5a80
In base 5, what is -2 - -213240421?
213240414
In base 7, what is -546 + 2450634?
2450055
In base 9, what is -1705 + -11840?
-13645
In base 7, what is -6266526064 - -3?
-6266526061
In base 2, what is 1110011001001101 + -11101111?
1110010101011110
In base 11, what is -26953283 + 4?
-2695327a
In base 14, what is 27d7 + 6d5c?
9755
In base 10, what is -84507 - 66?
-84573
In base 13, what is -846038b3 - -2?
-846038b1
In base 5, what is -2040341313034 + 0?
-2040341313034
In base 3, what is 0 + -111010211102?
-111010211102
In base 7, what is 136306123 - 40?
136306053
In base 5, what is 1343031220322 - -11?
1343031220333
In base 4, what is -133133 + 213101002?
212301203
In base 4, what is 320 + -1102232200?
-1102231220
In base 16, what is 1 + 1d840f?
1d8410
In base 11, what is -73759 - 14?
-73772
In base 12, what is -3 + -224859b6?
-224859b9
In base 13, what is 12a1 - 905?
699
In base 3, what is -22 + -202200002200?
-202200002222
In base 10, what is -768082842 - -1?
-768082841
In base 5, what is -231212 + -11134?
-242401
In base 8, what is 2734 - -316?
3252
In base 14, what is 4d4 - 4a?
488
In base 9, what is -4437 + -4052?
-8500
In base 7, what is -510235 + -55?
-510323
In base 7, what is 421 - -24113213?
24113634
In base 10, what is 689 - -216?
905
In base 4, what is -3223 + 1021103211?
1021033322
In base 11, what is 5 - -403a?
4044
In base 16, what is -4 - 990e02?
-990e06
In base 9, what is -48806685 + 2?
-48806683
In base 5, what is 124 + -112410234?
-112410110
In base 11, what is 51372 + -1362?
50010
In base 8, what is 24747 - 1431?
23316
In base 2, what is -10010000 + -1011010011011101000000?
-1011010011011111010000
In base 3, what is -10011121010221 + 12221?
-10011120221000
In base 15, what is -5 - 292d2c7?
-292d2cc
In base 13, what is -136 - -5a867?
5a731
In base 6, what is -4 + 221413440?
221413432
In base 9, what is -1 - -17204250?
17204248
In base 10, what is 3148 + -12548?
-9400
In base 5, what is 302034330 - 4?
302034321
In base 4, what is -102023 + 11233313?
11131230
In base 14, what is -4581db - -18?
-4581c3
In base 14, what is 3220 - 44d?
2bb1
In base 6, what is -210 - 333543052?
-333543302
In base 10, what is 659533 - 39?
659494
In base 8, what is -121352061 - -2?
-121352057
In base 5, what is 232224322 - 2?
232224320
In base 7, what is -162441 - -30046?
-132362
In base 10, what is 27163 - -844?
28007
In base 14, what is -cab92 + 4ad?
-ca6c3
In base 5, what is 20 + -1422040142?
-1422040122
In base 13, what is -3a57b5 + -121?
-3a5906
In base 9, what is 1331728 - -17?
1331746
In base 4, what is -312 - -11131321?
11131003
In base 13, what is -4 - -30c4c73?
30c4c6c
In base 16, what is -28 - -2dbcc?
2dba4
In base 8, what is 4 - 30667571?
-30667565
In base 16, what is -1b2cf6 + 7?
-1b2cef
In base 13, what is 0 - aa78389?
-aa78389
In base 3, what is 1100001122102 + -11?
1100001122021
In base 10, what is 6 + -35098977?
-35098971
In base 2, what is -1111111001 + 101011011000110?
101001011001101
In base 5, what is 30 - 321113302?
-321113222
In base 13, what is -3338 - 250?
-3588
In base 6, what is 14204332 + -1005?
14203323
In base 10, what is -245 + 66215?
65970
In base 10, what is -405093 - -5?
-405088
In base 10, what is 1 + 116838842?
116838843
In base 16, what is -4 + 5aa8ce?
5aa8ca
In base 16, what is 1fb0b71 + 0?
1fb0b71
In base 3, what is -11 + -222102220200021?
-222102220200102
In base 11, what is -2a - -a8a176?
a8a147
In base 10, what is 1852496 - -92?
1852588
In base 12, what is -50a2 - -1379?
-3925
In base 11, what is 11 - -8334a7?
833508
In base 14, what is 11a9a14 + -1?
11a9a13
In base 4, what is 3111131 - -2101?
3113232
In base 3, what is 200122210002120 + 100?
200122210002220
In base 11, what is -126a3 + -2587?
-1517a
In base 10, what is 2568 + -116696?
-114128
In base 9, what is 2 - -5470788?
5470801
In base 14, what is 170da77 - -5?
170da7c
In base 6, what is -55515342 + -3100?
-55522442
In base 16, what is 9 - -1d169?
1d172
In base 16, what is 6d07 - -1a3?
6eaa
In base 9, what is -17 - -77854?
77836
In base 8, what is -1643 - 340024?
-341667
In base 15, what is -10 + db6cc?
db6bc
In base 14, what is 1 - ac5441?
-ac5440
In base 7, what is 6 + -32162306?
-32162300
In base 12, what is -21 + -264b34?
-264b55
In base 3, what is 2102220 + 12121210?
22001200
In base 10, what is -272 - 48389?
-48661
In base 8, what is 143367 - 671?
142476
In base 13, what is -3a69508 + 18?
-3a694c0
In base 4, what is -10 + -323212221302?
-323212221312
In base 3, what is -220122200220010020 + 12?
-220122200220010001
In base 8, what is 5 - -43101640?
43101645
In base 12, what is -81b32 - 210b?
-84041
In base 13, what is -5 + -23822b?
-238233
In base 12, what is 84093 - -14b?
84222
In base 9, what is 44417 - 2860?
41447
In base 10, what is 9018 + 73397?
82415
In base 5, what is -31 - -111034304?
111034223
In base 5, what is 144212 + -4321?
134341
In base 3, what is -1000 + 10210121010122?
10210121002122
In base 4, what is 203112302332310 + 0?
203112302332310
In base 16, what is 9a - -1916c?
19206
In base 13, what is 4978aa9 + 3?
4978aac
In base 8, what is 3605 + 433033?
436640
In base 5, what is 1310322300 - 222?
1310322023
In base 6, what is 5 + -11222324?
-11222315
In base 16, what is 9a2 + -b33a?
-a998
In base 16, what is 5 + -3589c2?
-3589bd
In base 4, what is -10211223 - -1032?
-10210131
In base 10, what is -10 - -4994935?
4994925
In base 2, what is 10110010111001101 + 1111110110000?
11000010101111101
In base 14, what is -12bdb8 - -44a?
-12b96c
In base 6, what is 3 + 33054332200?
33054332203
In base 8, what is 13141600 + 25?
13141625
In base 8, what is 5132525312 - 0?
5132525312
In base 12, what is -